{"version":"1.0","provider_name":"Egy munkan\u00e9lk\u00fcli napl\u00f3ja","provider_url":"https:\/\/munkanelkulinaplo.cafeblog.hu","author_name":"B\u00e9B\u00e9","author_url":"https:\/\/munkanelkulinaplo.cafeblog.hu\/author\/csemegekukoricza\/","title":"17. h\u00e9tf\u0151 - Valaki m\u00e9g?","html":"<p>&nbsp;<\/p>\r\n<p>Kedves Napl\u00f3m,<\/p>\r\n<p>&nbsp;<\/p>\r\n<p>Ma volt a nagy nap, r\u00e9szt vettem \u00e9letem els\u0151 csoportos tan\u00e1csad\u00e1s\u00e1n. M\u00e9g lesz bel\u0151le kett\u0151, egy \u00e9lm\u00e9ny volt.<\/p>\r\n<p>A <em>Csoportos Tan\u00e1csad\u00e1s<\/em> t\u00e1bl\u00e1csk\u00e1val ell\u00e1tott terem m\u00e1r sz\u00edn\u00fcltig volt mire oda\u00e9rtem. Betuszkoltam magam legh\u00e1tulra, \u00e9s nekid\u0151ltem a falnak. Mellettem egy negyven k\u00f6r\u00fcli szak\u00e1llas f\u00e9rfi \u00e1llt, kedvesen biccentett, \u00e9n pedig vissza, majd v\u00e9gigp\u00e1szt\u00e1ztam a t\u00e1rsas\u00e1got. El\u00e9g vegyes volt az \u00e9pp iskolapadb\u00f3l kies\u0151 huszon\u00e9vest\u0151l kezdve eg\u00e9szen a nyugd\u00edj el\u0151tt \u00e1ll\u00f3kon \u00e1t, szinte minden koroszt\u00e1lyt megtal\u00e1ltam. Volt aki idegesen tekintgetett jobbra-balra, mint aki ismer\u0151st\u0151l retteg, volt aki flegma arccal nyomkodta a telefonj\u00e1t, voltak nevet\u0151s arc\u00faak \u00e9s ki\u00e1br\u00e1ndultak is.<\/p>\r\n<p>- El\u0151sz\u00f6r van itt? \u2013 k\u00e9rdezte a szomsz\u00e9dom.<\/p>\r\n<p>- Igen. Maga m\u00e1r volt?<\/p>\r\n<p>- \u00c9s leszek is m\u00e9g- b\u00f3lintott fanyar mosollyal. - Negyvenhat \u00e9ves vagyok, nem \u00e9pp a munk\u00e1ltat\u00f3k \u00e1lma.<\/p>\r\n<p>- \u00d3. Sajn\u00e1lom. Neh\u00e9z, ugye?<\/p>\r\n<p>A f\u00e9rfi elgondolkodva sim\u00edtott v\u00e9gig a szak\u00e1ll\u00e1n.<\/p>\r\n<p>- Tudom mit v\u00e1r most. Hogy szomor\u00fa tekintettel mes\u00e9ljem el, ahogy tan\u00e1ri \u00e1ll\u00e1somb\u00f3l kitettek, majd a korom miatt nem kellek senkinek, sem az \u00f3ri\u00e1si tapasztalat \u00e9s tud\u00e1s, amire szert tettem. Hogy otthon m\u00e1r semmibe vesznek \u00e9s az asszony hordja a nadr\u00e1got, mert \u0151 hozza a p\u00e9nzt. \u00c9s hogy nem csak hogy az \u00f6nbecs\u00fcl\u00e9sem van a b\u00e9ka segge alatt, de m\u00e9g bel\u00e9m is r\u00fagnak napi szinten a munkaad\u00f3k, amikor munk\u00e1t keresek.<\/p>\r\n<p>\u00a0Nyeltem egyet. Az \u00e9n helyzetem klasszisokkal jobb \u00e9s mennyit sajn\u00e1ltattam magam. Sz\u00f6rny\u0171 volt ezt hallani.<\/p>\r\n<p>- Sajn\u00e1lom\u2026<\/p>\r\n<p>- Jaj, ne n\u00e9zzen m\u00e1r \u00edgy. A helyzet az, hogy \u00e9n csak Sanyi eb\u00e9dj\u00e9t hoztam. \u0150 lesz az el\u0151ad\u00f3juk \u2013 nevetett.<\/p>\r\n<p>- Na sz\u00e9p \u2013 nevettem el magam \u2013 m\u00e9rt csin\u00e1lta?<\/p>\r\n<p>- Mert olyan fancsali arcot v\u00e1gott, mintha temet\u00e9sre j\u00f6tt volna. \u00c9s mert unatkoztam \u2013vonta meg a v\u00e1ll\u00e1t. \u2013 Tudja id\u0151nk\u00e9nt meghallgatom a tan\u00e1csad\u00e1st, csak hogy jobban \u00e9rt\u00e9keljem, hogy van munk\u00e1m.<\/p>\r\n<p>Az el\u0151ad\u00e1s egy\u00e9bk\u00e9nt ki\u00e1br\u00e1nd\u00edt\u00f3 volt, a fick\u00f3 \u00fagy besz\u00e9lt hozz\u00e1nk, mintha mind tudatlan egysejt\u0171ek lenn\u00e9nk, k\u00e9pes volt elmagyar\u00e1zni, mi\u00e9rt kell \u00f6n\u00e9letrajzot \u00edrni. Kit\u00e9rt arra is, hogy milyen sokat sz\u00e1m\u00edt, ha egy \u00e1ll\u00e1sinterj\u00fara norm\u00e1lisan \u00f6lt\u00f6z\u00fcnk \u00e9s hellyel-k\u00f6zzel ismerj\u00fck is a c\u00e9get, ahova jelentkezt\u00fcnk.<\/p>\r\n<p>Mindenf\u00e9le jogszab\u00e1lyra hivatkozott, csak \u00fagy r\u00f6pk\u00f6dtek a t\u00f6rv\u00e9nyek, sz\u00e1mok \u00e9s rendeletek.\u00a0<\/p>\r\n<p>\u00a0Egy\u00e9bk\u00e9nt sem volt t\u00fal meggy\u0151z\u0151, f\u00e1sult volt \u00e9s l\u00e1that\u00f3lag pont nem \u00e9rdekelte az eg\u00e9sz, val\u00f3sz\u00edn\u0171leg alig v\u00e1rta, hogy v\u00e9get \u00e9rjen a saj\u00e1t el\u0151ad\u00e1sa.<\/p>\r\n<p>Miut\u00e1n befejezte, lehetett k\u00e9rdezni. Az egyik negyven k\u00f6r\u00fcli n\u0151 megk\u00e9rdezte, van-e lehet\u0151s\u00e9g arra, hogy \u00e1tk\u00e9pezze mag\u00e1t, az \u0151 szakm\u00e1ja elavult, sz\u00edvesen tanulna valami \u00fajat.\u00a0<\/p>\r\n<p>Persze, b\u00f3lintott az \u00fcrge. Viszont fizetni nem tudj\u00e1k, mert sajnos a keret, amit erre k\u00f6lthetnek m\u00e1r r\u00e9g elfogyott, legk\u00f6zelebb j\u00f6v\u0151re kapnak \u00fajabb b\u00fcdzs\u00e9t az \u00e1llamt\u00f3l. De az\u00e9rt j\u00f3 \u00f6tlet, hajr\u00e1.<\/p>\r\n<p>A n\u0151 megk\u00e9rdezte, j\u00f6v\u0151re nagyj\u00e1b\u00f3l milyen t\u00edpus\u00fa k\u00e9pz\u00e9sekre lesz lehet\u0151s\u00e9g,\u00a0mire a fick\u00f3 felvil\u00e1gos\u00edtotta, hogy csupa olyanra, ami nem a diplom\u00e1soknak sz\u00f3l, hanem a k\u00e9pzetlen vagy alul k\u00e9pzetteknek.<\/p>\r\n<p>A n\u0151 le\u00fclt, elfogytak a k\u00e9rd\u00e9sei. Valaki m\u00e9g? Senki.<\/p>\r\n<p>Kezdek azon gondolkodni, vajon velem van-e a baj, vagy ezzel az eg\u00e9sz h\u00f3belebanccal k\u00f6r\u00fcl\u00f6ttem. Nem mintha azt v\u00e1rtam volna, n\u00e1luk van a b\u00f6lcsek k\u00f6ve, de ez l\u00f3f\u00fctty volt, nem tan\u00e1csad\u00e1s. Elk\u00e9pzelni sem tudom, mit tud majd m\u00e9g villantani a m\u00e1sodik, harmadik alkalommal a fick\u00f3.\u00a0<\/p>\r\n<p>Nagyon az elej\u00e9n vagyok m\u00e9g, \u00fagyhogy \u00fagy d\u00f6nt\u00f6ttem, nem picsogok. S\u0151t. Els\u0151 l\u00e9p\u00e9sk\u00e9nt leborotv\u00e1lom a l\u00e1bam. Ez is valami!<\/p>\r\n<p>\u00a0<a href=\"https:\/\/munkanelkulinaplo.cafeblog.hu\/files\/2015\/03\/2e3e41353e1beac7e11fa9a38fddb776.jpg\"><img class=\" size-full wp-image-108 aligncenter\" src=\"https:\/\/munkanelkulinaplo.cafeblog.hu\/files\/2015\/03\/2e3e41353e1beac7e11fa9a38fddb776.jpg\" alt=\"2e3e41353e1beac7e11fa9a38fddb776\" width=\"424\" height=\"282\" \/><\/a><\/p>\r\n<p>&nbsp;<\/p>","type":"rich","thumbnail_url":"https:\/\/munkanelkulinaplo.cafeblog.hu\/files\/2015\/03\/2e3e41353e1beac7e11fa9a38fddb776-150x150.jpg","thumbnail_width":150,"thumbnail_height":150}

Egy munkanélküli naplója

BéBé

17. hétfő - Valaki még?

<p>&nbsp;</p>
<p>Kedves Naplóm,</p>
<p>&nbsp;</p>
<p>Ma volt a nagy nap, részt vettem életem első csoportos tanácsadásán. Még lesz belőle kettő, egy élmény volt.</p>
<p>A <em>Csoportos Tanácsadás</em> táblácskával ellátott terem már színültig volt mire odaértem. Betuszkoltam magam leghátulra, és nekidőltem a falnak. Mellettem egy negyven körüli szakállas férfi állt, kedvesen biccentett, én pedig vissza, majd végigpásztáztam a társaságot. Elég vegyes volt az épp iskolapadból kieső huszonévestől kezdve egészen a nyugdíj előtt állókon át, szinte minden korosztályt megtaláltam. Volt aki idegesen tekintgetett jobbra-balra, mint aki ismerőstől retteg, volt aki flegma arccal nyomkodta a telefonját, voltak nevetős arcúak és kiábrándultak is.</p>
<p>- Először van itt? – kérdezte a szomszédom.</p>
<p>- Igen. Maga már volt?</p>
<p>- És leszek is még- bólintott fanyar mosollyal. - Negyvenhat éves vagyok, nem épp a munkáltatók álma.</p>
<p>- Ó. Sajnálom. Nehéz, ugye?</p>
<p>A férfi elgondolkodva simított végig a szakállán.</p>
<p>- Tudom mit vár most. Hogy szomorú tekintettel meséljem el, ahogy tanári állásomból kitettek, majd a korom miatt nem kellek senkinek, sem az óriási tapasztalat és tudás, amire szert tettem. Hogy otthon már semmibe vesznek és az asszony hordja a nadrágot, mert ő hozza a pénzt. És hogy nem csak hogy az önbecsülésem van a béka segge alatt, de még belém is rúgnak napi szinten a munkaadók, amikor munkát keresek.</p>
<p> Nyeltem egyet. Az én helyzetem klasszisokkal jobb és mennyit sajnáltattam magam. Szörnyű volt ezt hallani.</p>
<p>- Sajnálom…</p>
<p>- Jaj, ne nézzen már így. A helyzet az, hogy én csak Sanyi ebédjét hoztam. Ő lesz az előadójuk – nevetett.</p>
<p>- Na szép – nevettem el magam – mért csinálta?</p>
<p>- Mert olyan fancsali arcot vágott, mintha temetésre jött volna. És mert unatkoztam –vonta meg a vállát. – Tudja időnként meghallgatom a tanácsadást, csak hogy jobban értékeljem, hogy van munkám.</p>
<p>Az előadás egyébként kiábrándító volt, a fickó úgy beszélt hozzánk, mintha mind tudatlan egysejtűek lennénk, képes volt elmagyarázni, miért kell önéletrajzot írni. Kitért arra is, hogy milyen sokat számít, ha egy állásinterjúra normálisan öltözünk és hellyel-közzel ismerjük is a céget, ahova jelentkeztünk.</p>
<p>Mindenféle jogszabályra hivatkozott, csak úgy röpködtek a törvények, számok és rendeletek. </p>
<p> Egyébként sem volt túl meggyőző, fásult volt és láthatólag pont nem érdekelte az egész, valószínűleg alig várta, hogy véget érjen a saját előadása.</p>
<p>Miután befejezte, lehetett kérdezni. Az egyik negyven körüli nő megkérdezte, van-e lehetőség arra, hogy átképezze magát, az ő szakmája elavult, szívesen tanulna valami újat. </p>
<p>Persze, bólintott az ürge. Viszont fizetni nem tudják, mert sajnos a keret, amit erre költhetnek már rég elfogyott, legközelebb jövőre kapnak újabb büdzsét az államtól. De azért jó ötlet, hajrá.</p>
<p>A nő megkérdezte, jövőre nagyjából milyen típusú képzésekre lesz lehetőség, mire a fickó felvilágosította, hogy csupa olyanra, ami nem a diplomásoknak szól, hanem a képzetlen vagy alul képzetteknek.</p>
<p>A nő leült, elfogytak a kérdései. Valaki még? Senki.</p>
<p>Kezdek azon gondolkodni, vajon velem van-e a baj, vagy ezzel az egész hóbelebanccal körülöttem. Nem mintha azt vártam volna, náluk van a bölcsek köve, de ez lófütty volt, nem tanácsadás. Elképzelni sem tudom, mit tud majd még villantani a második, harmadik alkalommal a fickó. </p>
<p>Nagyon az elején vagyok még, úgyhogy úgy döntöttem, nem picsogok. Sőt. Első lépésként leborotválom a lábam. Ez is valami!</p>
<p> <a href="https://munkanelkulinaplo.cafeblog.hu/files/2015/03/2e3e41353e1beac7e11fa9a38fddb776.jpg"><img class=" size-full wp-image-108 aligncenter" src="https://munkanelkulinaplo.cafeblog.hu/files/2015/03/2e3e41353e1beac7e11fa9a38fddb776.jpg" alt="2e3e41353e1beac7e11fa9a38fddb776" width="424" height="282" /></a></p>
<p>&nbsp;</p>
